rs of m?
79
Let k be -122*(-10)/(-8)*16/(-40). Suppose -57 = -v + k. What are the prime factors of v?
2, 59
Let m be 2/(-2)*2 + -6 + 5. Let a(c) = -14*c - 2. List the prime factors of a(m).
2, 5
Let a = -464 + 3761. What are the prime factors of a?
3, 7, 157
Let y be (5/10)/(3/18). Suppose 403 = 5*v - y*p - 415, 684 = 4*v + 5*p. What are the prime factors of v?
2, 83
Suppose -6*g = 5*b - 7*g - 3748, 2*g = -5*b + 3754. List the prime factors of b.
2, 3, 5
Let m(q) = 6*q - 5. Let z(l) = -7*l + 6. Let c(f) = 6*m(f) + 5*z(f). Let d be c(-5). Let p = d + 22. List the prime factors of p.
17
Let z be (2 - -1) + (0 - 3). Suppose -4*v - 5*r - 10 - 1 = 0, 3*v + r = z. List the prime factors of 25/v*(-8)/(-20).
2, 5
What are the prime factors of 27949/95 - (-2)/(-10)?
2, 3, 7
Suppose -2*y = -4*y + 306. What are the prime factors of y?
3, 17
Let a(v) = -v**3 + 19*v**2 + 2*v - 1. Let i be a(17). Suppose 0 = -11*p + i + 720. List the prime factors of p.
11
Let o(v) = v**3 - 23*v**2 - 27*v + 16. Let s be o(24). List the prime factors of (0 - (-1)/(-2))*s.
2, 7
Let h = 11 + -7. Let m(i) = 6*i**3 + 4*i + 13*i**3 - 6*i**2 - h - 20*i**3. What are the prime factors of m(-7)?
17
Let s(i) = i**2 + 9*i + 5. Let o be s(-8). Let j be (1 + o)/(4/(-6)). Suppose 0*p - 5*a - 8 = -3*p, -4*p - j*a = -30. List the prime factors of p.
2, 3
Let n = 573 - -300. List the prime factors of n.
3, 97
Suppose 2*q + 18 - 116 = 0. Let p = 76 - q. What are the prime factors of p?
3
What are the prime factors of ((-79)/(-6))/(37/9546)?
43, 79
Let y(p) = -p**3 - 3*p**2 + 4*p + 7. Let a be y(-3). What are the prime factors of 0 + a + (191 - -2)?
2, 47
Let o = -4843 - -7382. List the prime factors of o.
2539
Suppose s = -11 + 3. Let w be (24/32)/(2/s). List the prime factors of w/(3/16)*-2.
2
Suppose 3*a - 11 = 1. Suppose -2*y - 4 - 6 = -4*z, 0 = 3*z + 2*y - a. Suppose 150 = 5*m - 3*x, -10 = -m + z*x + 27. List the prime factors of m.
3
Suppose 3*d + 36 = 78. Let k = d + 23. List the prime factors of k.
37
Let w be 1 + 53 + (-9)/3. Let h = w - -29. Suppose -5*n = -9*n + h. List the prime factors of n.
2, 5
List the prime factors of (-7)/(-14)*(4 - -922).
463
Let i(y) = 68*y**2 - 12. List the prime factors of i(3).
2, 3, 5
Let p(j) be the third derivative of -1/120*j**6 - 1/3*j**3 - 1/24*j**4 + 0 - j**2 + 0*j - 2/15*j**5. List the prime factors of p(-8).
2, 3
Suppose 75 + 1135 = 10*h. List the prime factors of h.
11
Suppose -27 = 7*h + 29. Let i(a) = a**2 - 4*a - 15. What are the prime factors of i(h)?
3
Suppose -3*p + 2*r = -131 - 11, -p + 62 = 3*r. Suppose -g + d = -10, -5*d - 10 = g - p. What are the prime factors of (g/(-2))/((-17)/102)?
3, 5
Suppose -461 - 66 = -17*j. What are the prime factors of j?
31
Let t be 2*(-2)/(-3)*30/20. What are the prime factors of 0 - (t - 0 - 144)?
2, 71
Let z(n) = -n**3 + 8*n**2 - 3*n + 8. Suppose -2*l + 6 = -0*l. Suppose -l - 32 = -5*y. What are the prime factors of z(y)?
2, 3
Suppose -3*s - 22 = -97. Let g = 72 - s. Let f = g - 23. What are the prime factors of f?
2, 3
Let g(h) = 1147*h + 37. What are the prime factors of g(5)?
2, 3, 13, 37
Let k be (-2*(-73)/(-8))/((-2)/(-8)). Let n = 180 + k. What are the prime factors of n?
107
Let n = 5 + 1. Let b be (-1974)/(-18) - 4/n. Suppose 7 = 5*g + 4*x - 118, -4*g - 5*x + b = 0. List the prime factors of g.
3, 7
Let c = -246 - -1336. List the prime factors of c.
2, 5, 109
Let w be 1*-1 - (0 + -57). Suppose 0 = -4*y + 5*u + 228, -4*u + w - 341 = -5*y. What are the prime factors of y?
3, 19
Let t(x) = 2*x**3 - x**2 + 3*x + 2. Let i be t(0). Suppose i*n = -0*n - 4*r + 112, -2*n - 2*r + 110 = 0. List the prime factors of n.
2, 3
Suppose 5*w = 2*h - 7*h + 15, -3*h + 13 = 4*w. Let t be 7 - (5 + -2 + h). Suppose -4*b + 93 = t*o, 2 = -b - 1. List the prime factors of o.
3, 7
List the prime factors of ((-8)/(-6))/((-96)/(-19512)).
271
Let v be 60/9 - 3/(-9). Let b = v + -4. Suppose 2*i + 39 = b*i. List the prime factors of i.
3, 13
Let q = 19 + -8. Let v = -2 + q. Suppose 4*f - 96 = -h, 0*f + 4*h - v = -f. What are the prime factors of f?
5
Let k(a) = 2*a**3 - 19*a**2 + 9*a + 8. Let n be k(9). List the prime factors of ((-262)/n)/((-2)/8).
131
Suppose 0 = 7*t - 175 - 35. Let m(l) = 3*l - 1. Let d be m(2). Suppose -2*f = -d*f + t. List the prime factors of f.
2, 5
Let b be 4/(3/((-9)/2)). List the prime factors of 480/(-25)*20/b.
2
Suppose q = -0*q + 38. Suppose v + q = k - 54, k = -1. What are the prime factors of (0 - -1)*v/(-3)?
31
Let u(c) = c**2 - 12*c + 14. Let m be u(8). List the prime factors of (62/(-4)*-3)/(m/(-36)).
3, 31
Let s(n) = n**2 - 6*n + 75. Let w(z) = 2*z**2 - 11*z + 151. Let f(p) = -7*s(p) + 4*w(p). List the prime factors of f(0).
79
Let w = -580 + 863. List the prime factors of w.
283
Suppose -381*z - 6324 = -385*z. What are the prime factors of z?
3, 17, 31
Let r(f) = 30*f**2 - 8*f - 14. Let b be r(8). What are the prime factors of 6/21 - b/(-21)?
2, 11
Suppose 97*r - 105*r = -12832. What are the prime factors of r?
2, 401
Let n(l) = l**3 + 4*l**2 + 2*l - 1. Let z be n(-3). Suppose 0 = -z*h - h + 87. Suppose 3*d = -5*x + h, 0*d + 5*x - 11 = -2*d. What are the prime factors of d?
2, 3
Suppose 6*n = 4857 - 1605. What are the prime factors of n?
2, 271
What are the prime factors of (-4)/(-16) - (18675/(-4) + -3)?
2, 73
List the prime factors of (-44)/(-77) + (-1966)/(-14).
3, 47
Suppose -13*r = -70 - 125. List the prime factors of r.
3, 5
Suppose -22*d + 21*d + 321 = 0. What are the prime factors of d?
3, 107
Let u = 218 - 89. List the prime factors of u.
3, 43
Let y be (4/3)/((-1)/3). Let c = 1385 - 1345. List the prime factors of c + (-4)/y - 1.
2, 5
Let y = -63 - -89. Let l = 130 - y. What are the prime factors of l?
2, 13
Let a(v) = -2*v + 18. Let m be a(8). Suppose 0*z = m*z. Suppose z = 5*k, 4*k - 5*k - 26 = -2*t. What are the prime factors of t?
13
Let x = -40 + 60. Suppose 4*d = 5*s - 4 + x, -3*d + 12 = -5*s. Suppose -d*k = -4*v + 48, -5*v - 3*k = -6*k - 50. What are the prime factors of v?
7
Let w(a) = -2*a - 131. Let b be w(0). Let n = b + 263. List the prime factors of n.
2, 3, 11
Suppose -7569 = -8*b - 1657. List the prime factors of b.
739
List the prime factors of 2/(-3 - (-4100)/1364).
11, 31
Suppose 11*t - 5*t = 2808. Suppose 4*y = -2*j + 952, -t = -0*y - 2*y - 3*j. List the prime factors of y.
2, 3, 5
Suppose -231*t = -217*t - 3556. What are the prime factors of t?
2, 127
Suppose 7*i = 2*i - n + 1310, 0 = i + n - 262. Let p = i + -168. List the prime factors of p.
2, 47
Suppose -440*a = -448*a + 6088. What are the prime factors of a?
761
Let p = 19 + -4. Suppose -5*s - 2*s + 469 = 0. Suppose -3*u + s = 2*u - k, k = u - p. What are the prime factors of u?
13
Let r be 582/10 + 34/(-170) - 1. Suppose 5*j = h - 98, 5*j - 10 + 0 = 0. Let q = h - r. List the prime factors of q.
3, 17
Let j = 136 + 116. Suppose -3*h - x + j = 0, 361 - 109 = 3*h + 2*x. What are the prime factors of h?
2, 3, 7
Let c = 2221 + -1236. List the prime factors of c.
5, 197
Let f(z) = -7*z - 9. Let n(g) = 10*g + 13. Let t(y) = 7*f(y) + 5*n(y). Let w be t(-7). List the prime factors of w/2*1984/(-80).
2, 31
What are the prime factors of ((-10)/4)/(-1 - (-15570)/15588)?
5, 433
Suppose -9*h = 43*h - 5044. List the prime factors of h.
97
Let a = 32 + 49. Let t = 228 - a. What are the prime factors of t?
3, 7
Suppose 3*p - 29 = -5. Suppose -p*y = s - 7*y - 137, s - 133 = -5*y. List the prime factors of s.
2, 3, 23
Let m = 56 - 49. Suppose -223 = m*k - 678. What are the prime factors of k?
5, 13
Suppose 2 = 4*s - 6. What are the prime factors of (-4)/(-16)*s*98?
7
Let g(z) = -46*z - 35. List the prime factors of g(-6).
241
Let p(w) = 94*w + 350. List the prime factors of p(18).
2, 1021
Let u(y) = -y - 17. Let d be u(7). Let g = d - -24. Suppose g = -2*t - 2*t + 76. What are the prime factors of t?
19
Suppose 0 = -l - 5*i + 209, 5*l - 3*i - 721 - 268 = 0. Let v = -3 + l. What are the prime factors of v?
2, 7
List the prime factors of 162/(-36) + (-11607)/(-6).
2, 5, 193
Let s be ((-2)/(-8))/((-7)/(-308)). Suppose -s = 6*a - a - g, -2*g = -2. List the prime factors of 4 - (-3 + 3 + a).
2, 3
Let t(x) = 6*x + 6*x**2 - x**3 - 7*x**2 - 5*x**2. List the prime factors of t(-7).
7
Suppose 6 = 4*z - 2*w, -5*w + 6 - 1 = 0. Sup